CRAN Package Check Results for Package ConsRankClass

Last updated on 2024-06-18 17:49:04 CEST.

Flavor Version Tinstall Tcheck Ttotal Status Flags
r-devel-linux-x86_64-debian-clang 1.0.1 10.75 88.90 99.65 NOTE
r-devel-linux-x86_64-debian-gcc 1.0.1 8.44 64.48 72.92 NOTE
r-devel-linux-x86_64-fedora-clang 1.0.1 119.77 NOTE
r-devel-linux-x86_64-fedora-gcc 1.0.1 113.91 NOTE
r-devel-windows-x86_64 1.0.1 10.00 80.00 90.00 NOTE
r-patched-linux-x86_64 1.0.1 11.01 82.93 93.94 NOTE
r-release-linux-x86_64 1.0.1 9.99 85.93 95.92 NOTE
r-release-macos-arm64 1.0.1 32.00 NOTE
r-release-macos-x86_64 1.0.1 58.00 NOTE
r-release-windows-x86_64 1.0.1 10.00 83.00 93.00 NOTE
r-oldrel-macos-arm64 1.0.1 34.00 OK
r-oldrel-macos-x86_64 1.0.1 57.00 OK
r-oldrel-windows-x86_64 1.0.1 13.00 94.00 107.00 OK

Check Details

Version: 1.0.1
Check: Rd files
Result: NOTE checkRd: (-1) Univranks.Rd:69: Lost braces; missing escapes or markup? 69 | To obtain the preference rankings from the paired comparisons the procedure has been the following: the first row of the raw data is [1 3 2 1 2 1 1 2 1 1 1 2 1 1 2]. London is preferred to Paris, St. Gallen, Barcelona Stockholm (LP, LM, LSg, LB and LSt are always equal to 1), and there is no preference between London and Milan (they are tied); Milan is preferred to Paris (PM = 2), St. Gallen, Barcelona and Stockholm; and so on. The first ordering is then <{L M} Sg St B P> corresponding to a ranking [1,5,1,2,4,3], where the columns indicate L P M Sg B St. | ^ Flavors: r-devel-linux-x86_64-debian-clang, r-devel-linux-x86_64-debian-gcc, r-devel-linux-x86_64-fedora-clang, r-devel-linux-x86_64-fedora-gcc, r-devel-windows-x86_64, r-patched-linux-x86_64, r-release-linux-x86_64, r-release-macos-arm64, r-release-macos-x86_64, r-release-windows-x86_64