CRAN Package Check Results for Package Compositional

Last updated on 2024-06-12 17:57:11 CEST.

Flavor Version Tinstall Tcheck Ttotal Status Flags
r-devel-linux-x86_64-debian-clang 6.8 62.44 491.25 553.69 OK
r-devel-linux-x86_64-debian-gcc 6.8 0.67 1.78 2.45 ERROR
r-devel-linux-x86_64-fedora-clang 6.8 653.64 NOTE
r-devel-linux-x86_64-fedora-gcc 6.8 629.21 OK
r-devel-windows-x86_64 6.8 42.00 375.00 417.00 OK
r-patched-linux-x86_64 6.8 44.86 450.20 495.06 OK
r-release-linux-x86_64 6.8 33.48 454.94 488.42 OK
r-release-macos-arm64 6.8 162.00 OK
r-release-macos-x86_64 6.8 249.00 OK
r-release-windows-x86_64 6.8 41.00 368.00 409.00 OK
r-oldrel-macos-arm64 6.8 149.00 OK
r-oldrel-macos-x86_64 6.8 366.00 OK
r-oldrel-windows-x86_64 6.8 58.00 471.00 529.00 OK

Check Details

Version: 6.8
Check: package dependencies
Result: ERROR Packages required but not available: 'Directional', 'pchc' See section ‘The DESCRIPTION file’ in the ‘Writing R Extensions’ manual. Flavor: r-devel-linux-x86_64-debian-gcc

Version: 6.8
Check: package dependencies
Result: NOTE Imports includes 21 non-default packages. Importing from so many packages makes the package vulnerable to any of them becoming unavailable. Move as many as possible to Suggests and use conditionally. Flavor: r-devel-linux-x86_64-fedora-clang