Last updated on 2025-01-20 19:49:10 CET.
Flavor | Version | Tinstall | Tcheck | Ttotal | Status | Flags |
---|---|---|---|---|---|---|
r-devel-linux-x86_64-debian-clang | 2.1.0 | 8.02 | 57.02 | 65.04 | NOTE | |
r-devel-linux-x86_64-debian-gcc | 2.1.0 | 5.33 | 41.78 | 47.11 | NOTE | |
r-devel-linux-x86_64-fedora-clang | 2.1.0 | 109.58 | OK | |||
r-devel-linux-x86_64-fedora-gcc | 2.1.0 | 96.65 | OK | |||
r-devel-windows-x86_64 | 2.1.0 | 9.00 | 72.00 | 81.00 | NOTE | |
r-patched-linux-x86_64 | 2.1.0 | 11.28 | 52.40 | 63.68 | OK | |
r-release-linux-x86_64 | 2.1.0 | 7.03 | 52.72 | 59.75 | OK | |
r-release-macos-arm64 | 2.1.0 | 29.00 | OK | |||
r-release-macos-x86_64 | 2.1.0 | 43.00 | OK | |||
r-release-windows-x86_64 | 2.1.0 | 8.00 | 74.00 | 82.00 | OK | |
r-oldrel-macos-arm64 | 2.1.0 | 32.00 | OK | |||
r-oldrel-macos-x86_64 | 2.1.0 | 51.00 | OK | |||
r-oldrel-windows-x86_64 | 2.1.0 | 11.00 | 86.00 | 97.00 | OK |
Version: 2.1.0
Check: Rd cross-references
Result: NOTE
Found the following Rd file(s) with Rd \link{} targets missing package
anchors:
thornthwaite.Rd: daylength, geosphere
Please provide package anchors for all Rd \link{} targets not in the
package itself and the base packages.
Flavors: r-devel-linux-x86_64-debian-clang, r-devel-linux-x86_64-debian-gcc, r-devel-windows-x86_64