CRAN Package Check Results for Package CircMLE

Last updated on 2024-07-21 18:54:08 CEST.

Flavor Version Tinstall Tcheck Ttotal Status Flags
r-devel-linux-x86_64-debian-clang 0.3.0 4.38 61.20 65.58 NOTE
r-devel-linux-x86_64-debian-gcc 0.3.0 3.49 43.39 46.88 NOTE
r-devel-linux-x86_64-fedora-clang 0.3.0 79.72 NOTE
r-devel-linux-x86_64-fedora-gcc 0.3.0 74.15 NOTE
r-devel-windows-x86_64 0.3.0 4.00 63.00 67.00 NOTE
r-patched-linux-x86_64 0.3.0 4.12 56.09 60.21 NOTE
r-release-linux-x86_64 0.3.0 4.62 56.59 61.21 NOTE
r-release-macos-arm64 0.3.0 23.00 NOTE
r-release-macos-x86_64 0.3.0 36.00 NOTE
r-release-windows-x86_64 0.3.0 5.00 63.00 68.00 NOTE
r-oldrel-macos-arm64 0.3.0 24.00 NOTE
r-oldrel-macos-x86_64 0.3.0 39.00 NOTE
r-oldrel-windows-x86_64 0.3.0 4.00 71.00 75.00 NOTE

Check Details

Version: 0.3.0
Check: LazyData
Result: NOTE 'LazyData' is specified without a 'data' directory Flavors: r-devel-linux-x86_64-debian-clang, r-devel-linux-x86_64-debian-gcc, r-devel-linux-x86_64-fedora-clang, r-devel-linux-x86_64-fedora-gcc, r-devel-windows-x86_64, r-patched-linux-x86_64, r-release-linux-x86_64, r-release-macos-arm64, r-release-macos-x86_64, r-release-windows-x86_64, r-oldrel-macos-arm64, r-oldrel-macos-x86_64, r-oldrel-windows-x86_64