CRAN Package Check Results for Package CausalModels

Last updated on 2024-06-13 17:49:05 CEST.

Flavor Version Tinstall Tcheck Ttotal Status Flags
r-devel-linux-x86_64-debian-clang 0.2.0 12.07 109.50 121.57 OK
r-devel-linux-x86_64-debian-gcc 0.2.0 0.30 1.55 1.85 ERROR
r-devel-linux-x86_64-fedora-clang 0.2.0 153.34 OK
r-devel-linux-x86_64-fedora-gcc 0.2.0 139.89 OK
r-devel-windows-x86_64 0.2.0 10.00 95.00 105.00 OK
r-patched-linux-x86_64 0.2.0 10.13 106.14 116.27 OK
r-release-linux-x86_64 0.2.0 7.09 104.95 112.04 OK
r-release-macos-arm64 0.2.0 45.00 OK
r-release-macos-x86_64 0.2.0 63.00 OK
r-release-windows-x86_64 0.2.0 10.00 103.00 113.00 OK
r-oldrel-macos-arm64 0.2.0 50.00 OK
r-oldrel-macos-x86_64 0.2.0 77.00 OK
r-oldrel-windows-x86_64 0.2.0 13.00 117.00 130.00 OK

Check Details

Version: 0.2.0
Check: package dependencies
Result: ERROR Packages required but not available: 'causaldata', 'geepack' See section ‘The DESCRIPTION file’ in the ‘Writing R Extensions’ manual. Flavor: r-devel-linux-x86_64-debian-gcc