CRAN Package Check Results for Package CVglasso

Last updated on 2024-06-18 05:57:34 CEST.

Flavor Version Tinstall Tcheck Ttotal Status Flags
r-devel-linux-x86_64-debian-clang 1.0 5.06 53.47 58.53 NOTE
r-devel-linux-x86_64-debian-gcc 1.0 5.03 40.47 45.50 NOTE
r-devel-linux-x86_64-fedora-clang 1.0 73.98 NOTE
r-devel-linux-x86_64-fedora-gcc 1.0 70.80 NOTE
r-devel-windows-x86_64 1.0 6.00 65.00 71.00 NOTE
r-patched-linux-x86_64 1.0 5.97 51.07 57.04 NOTE
r-release-linux-x86_64 1.0 5.60 50.46 56.06 NOTE
r-release-macos-arm64 1.0 28.00 NOTE
r-release-macos-x86_64 1.0 41.00 NOTE
r-release-windows-x86_64 1.0 6.00 69.00 75.00 NOTE
r-oldrel-macos-arm64 1.0 29.00 NOTE
r-oldrel-macos-x86_64 1.0 42.00 NOTE
r-oldrel-windows-x86_64 1.0 8.00 74.00 82.00 NOTE

Check Details

Version: 1.0
Check: LazyData
Result: NOTE 'LazyData' is specified without a 'data' directory Flavors: r-devel-linux-x86_64-debian-clang, r-devel-linux-x86_64-debian-gcc, r-devel-linux-x86_64-fedora-clang, r-devel-linux-x86_64-fedora-gcc, r-devel-windows-x86_64, r-patched-linux-x86_64, r-release-linux-x86_64, r-release-macos-arm64, r-release-macos-x86_64, r-release-windows-x86_64, r-oldrel-macos-arm64, r-oldrel-macos-x86_64, r-oldrel-windows-x86_64