CRAN Package Check Results for Package CUB

Last updated on 2024-06-16 05:52:51 CEST.

Flavor Version Tinstall Tcheck Ttotal Status Flags
r-devel-linux-x86_64-debian-clang 1.1.5 12.40 396.08 408.48 OK
r-devel-linux-x86_64-debian-gcc 1.1.5 8.32 265.68 274.00 OK
r-devel-linux-x86_64-fedora-clang 1.1.5 467.28 OK
r-devel-linux-x86_64-fedora-gcc 1.1.5 470.10 OK
r-devel-windows-x86_64 1.1.5 10.00 303.00 313.00 OK
r-patched-linux-x86_64 1.1.5 12.44 364.09 376.53 OK
r-release-linux-x86_64 1.1.5 10.79 358.66 369.45 OK
r-release-macos-arm64 1.1.5 101.00 OK
r-release-macos-x86_64 1.1.5 185.00 WARN
r-release-windows-x86_64 1.1.5 11.00 323.00 334.00 OK
r-oldrel-macos-arm64 1.1.5 116.00 OK
r-oldrel-macos-x86_64 1.1.5 351.00 OK
r-oldrel-windows-x86_64 1.1.5 11.00 386.00 397.00 OK

Check Details

Version: 1.1.5
Check: re-building of vignette outputs
Result: WARN Error(s) in re-building vignettes: ... --- re-building ‘CUBvignette-knitr.Rnw’ using knitr Error: processing vignette 'CUBvignette-knitr.Rnw' failed with diagnostics: Running 'texi2dvi' on 'CUBvignette-knitr.tex' failed. LaTeX errors: ! Undefined control sequence. l.195 \hlkwd{GEM}\hldef {(Formula, family, ...)} ? ! Emergency stop. ! Emergency stop. l.195 End of file on the terminal! ! ==> Fatal error occurred, no output PDF file produced! --- failed re-building ‘CUBvignette-knitr.Rnw’ SUMMARY: processing the following file failed: ‘CUBvignette-knitr.Rnw’ Error: Vignette re-building failed. Execution halted Flavor: r-release-macos-x86_64