CRAN Package Check Results for Package CTShiny

Last updated on 2024-06-13 17:49:07 CEST.

Flavor Version Tinstall Tcheck Ttotal Status Flags
r-devel-linux-x86_64-debian-clang 0.1.0 2.44 20.58 23.02 NOTE
r-devel-linux-x86_64-debian-gcc 0.1.0 0.23 1.77 2.00 ERROR
r-devel-linux-x86_64-fedora-clang 0.1.0 28.98 NOTE
r-devel-linux-x86_64-fedora-gcc 0.1.0 27.22 NOTE
r-devel-windows-x86_64 0.1.0 4.00 38.00 42.00 NOTE
r-patched-linux-x86_64 0.1.0 2.23 19.46 21.69 NOTE
r-release-linux-x86_64 0.1.0 1.52 19.62 21.14 NOTE
r-release-macos-arm64 0.1.0 14.00 NOTE
r-release-macos-x86_64 0.1.0 20.00 NOTE
r-release-windows-x86_64 0.1.0 4.00 41.00 45.00 NOTE
r-oldrel-macos-arm64 0.1.0 17.00 NOTE
r-oldrel-macos-x86_64 0.1.0 19.00 NOTE
r-oldrel-windows-x86_64 0.1.0 4.00 38.00 42.00 NOTE

Check Details

Version: 0.1.0
Check: LazyData
Result: NOTE 'LazyData' is specified without a 'data' directory Flavors: r-devel-linux-x86_64-debian-clang, r-devel-linux-x86_64-fedora-clang, r-devel-linux-x86_64-fedora-gcc, r-devel-windows-x86_64, r-patched-linux-x86_64, r-release-linux-x86_64, r-release-macos-arm64, r-release-macos-x86_64, r-release-windows-x86_64, r-oldrel-macos-arm64, r-oldrel-macos-x86_64, r-oldrel-windows-x86_64

Version: 0.1.0
Check: package dependencies
Result: ERROR Packages required but not available: 'dplyr', 'caret' See section ‘The DESCRIPTION file’ in the ‘Writing R Extensions’ manual. Flavor: r-devel-linux-x86_64-debian-gcc

Version: 0.1.0
Check: dependencies in R code
Result: NOTE Namespaces in Imports field not imported from: ‘caret’ ‘datasets’ ‘dplyr’ ‘e1071’ ‘party’ ‘rhandsontable’ ‘rpart’ ‘rpart.plot’ ‘shiny’ All declared Imports should be used. Flavors: r-devel-linux-x86_64-fedora-clang, r-devel-linux-x86_64-fedora-gcc