CRAN Package Check Results for Package CTNote

Last updated on 2024-06-14 05:58:19 CEST.

Flavor Version Tinstall Tcheck Ttotal Status Flags
r-devel-linux-x86_64-debian-clang 0.1.0 5.32 191.74 197.06 OK
r-devel-linux-x86_64-debian-gcc 0.1.0 0.57 1.86 2.43 ERROR
r-devel-linux-x86_64-fedora-clang 0.1.0 235.96 OK
r-devel-linux-x86_64-fedora-gcc 0.1.0 237.29 OK
r-devel-windows-x86_64 0.1.0 4.00 144.00 148.00 OK
r-patched-linux-x86_64 0.1.0 5.17 179.59 184.76 OK
r-release-linux-x86_64 0.1.0 4.13 185.24 189.37 OK
r-release-macos-arm64 0.1.0 64.00 OK
r-release-macos-x86_64 0.1.0 104.00 OK
r-release-windows-x86_64 0.1.0 5.00 147.00 152.00 OK
r-oldrel-macos-arm64 0.1.0 67.00 OK
r-oldrel-macos-x86_64 0.1.0 103.00 OK
r-oldrel-windows-x86_64 0.1.0 5.00 175.00 180.00 OK

Check Details

Version: 0.1.0
Check: package dependencies
Result: ERROR Package required but not available: ‘stringr’ Packages suggested but not available for checking: 'kableExtra', 'readxl', 'testthat', 'tidyverse' See section ‘The DESCRIPTION file’ in the ‘Writing R Extensions’ manual. Flavor: r-devel-linux-x86_64-debian-gcc