CRAN Package Check Results for Package CSESA

Last updated on 2024-06-14 05:58:19 CEST.

Flavor Version Tinstall Tcheck Ttotal Status Flags
r-devel-linux-x86_64-debian-clang 1.2.0 18.06 134.45 152.51 NOTE
r-devel-linux-x86_64-debian-gcc 1.2.0 10.91 95.15 106.06 ERROR
r-devel-linux-x86_64-fedora-clang 1.2.0 198.19 NOTE
r-devel-linux-x86_64-fedora-gcc 1.2.0 183.58 NOTE
r-devel-windows-x86_64 1.2.0 14.00 105.00 119.00 NOTE
r-patched-linux-x86_64 1.2.0 15.72 126.24 141.96 NOTE
r-release-linux-x86_64 1.2.0 18.55 125.90 144.45 NOTE
r-release-macos-arm64 1.2.0 50.00 NOTE
r-release-macos-x86_64 1.2.0 81.00 NOTE
r-release-windows-x86_64 1.2.0 14.00 114.00 128.00 NOTE
r-oldrel-macos-arm64 1.2.0 54.00 NOTE
r-oldrel-macos-x86_64 1.2.0 113.00 NOTE
r-oldrel-windows-x86_64 1.2.0 16.00 128.00 144.00 NOTE

Check Details

Version: 1.2.0
Check: LazyData
Result: NOTE 'LazyData' is specified without a 'data' directory Flavors: r-devel-linux-x86_64-debian-clang, r-devel-linux-x86_64-debian-gcc, r-devel-linux-x86_64-fedora-clang, r-devel-linux-x86_64-fedora-gcc, r-devel-windows-x86_64, r-patched-linux-x86_64, r-release-linux-x86_64, r-release-macos-arm64, r-release-macos-x86_64, r-release-windows-x86_64, r-oldrel-macos-arm64, r-oldrel-macos-x86_64, r-oldrel-windows-x86_64

Version: 1.2.0
Check: package dependencies
Result: NOTE Package suggested but not available for checking: ‘testthat’ Flavor: r-devel-linux-x86_64-debian-gcc

Version: 1.2.0
Check: tests
Result: ERROR Running ‘testthat.R’ [0s/1s] Running the tests in ‘tests/testthat.R’ failed. Complete output: > library(testthat) Error in library(testthat) : there is no package called 'testthat' Execution halted Flavor: r-devel-linux-x86_64-debian-gcc