CRAN Package Check Results for Package CKLRT

Last updated on 2024-07-18 18:48:07 CEST.

Flavor Version Tinstall Tcheck Ttotal Status Flags
r-devel-linux-x86_64-debian-clang 0.2.3 65.92 81.01 146.93 NOTE
r-devel-linux-x86_64-debian-gcc 0.2.3 52.29 64.29 116.58 NOTE
r-devel-linux-x86_64-fedora-clang 0.2.3 189.05 NOTE
r-devel-linux-x86_64-fedora-gcc 0.2.3 209.38 NOTE
r-devel-windows-x86_64 0.2.3 51.00 106.00 157.00 NOTE
r-patched-linux-x86_64 0.2.3 70.59 81.27 151.86 NOTE
r-release-linux-x86_64 0.2.3 63.87 80.50 144.37 NOTE
r-release-macos-arm64 0.2.3 50.00 NOTE
r-release-macos-x86_64 0.2.3 77.00 NOTE
r-release-windows-x86_64 0.2.3 52.00 108.00 160.00 NOTE
r-oldrel-macos-arm64 0.2.3 57.00 NOTE
r-oldrel-macos-x86_64 0.2.3 89.00 NOTE
r-oldrel-windows-x86_64 0.2.3 66.00 121.00 187.00 NOTE

Check Details

Version: 0.2.3
Check: LazyData
Result: NOTE 'LazyData' is specified without a 'data' directory Flavors: r-devel-linux-x86_64-debian-clang, r-devel-linux-x86_64-debian-gcc, r-devel-linux-x86_64-fedora-clang, r-devel-linux-x86_64-fedora-gcc, r-devel-windows-x86_64, r-patched-linux-x86_64, r-release-linux-x86_64, r-release-macos-arm64, r-release-macos-x86_64, r-release-windows-x86_64, r-oldrel-macos-arm64, r-oldrel-macos-x86_64, r-oldrel-windows-x86_64

Version: 0.2.3
Check: installed package size
Result: NOTE installed size is 21.2Mb sub-directories of 1Mb or more: libs 20.9Mb Flavors: r-release-macos-arm64, r-release-macos-x86_64, r-oldrel-macos-arm64, r-oldrel-macos-x86_64