CRAN Package Check Results for Package CKAT

Last updated on 2024-06-22 06:50:40 CEST.

Flavor Version Tinstall Tcheck Ttotal Status Flags
r-devel-linux-x86_64-debian-clang 0.1.0 2.13 24.18 26.31 NOTE
r-devel-linux-x86_64-debian-gcc 0.1.0 1.94 19.36 21.30 NOTE
r-devel-linux-x86_64-fedora-clang 0.1.0 34.53 NOTE
r-devel-linux-x86_64-fedora-gcc 0.1.0 33.72 NOTE
r-devel-windows-x86_64 0.1.0 4.00 41.00 45.00 NOTE
r-patched-linux-x86_64 0.1.0 2.62 24.69 27.31 NOTE
r-release-linux-x86_64 0.1.0 2.22 24.50 26.72 NOTE
r-release-macos-arm64 0.1.0 15.00 NOTE
r-release-macos-x86_64 0.1.0 23.00 NOTE
r-release-windows-x86_64 0.1.0 2.00 40.00 42.00 NOTE
r-oldrel-macos-arm64 0.1.0 15.00 NOTE
r-oldrel-macos-x86_64 0.1.0 21.00 NOTE
r-oldrel-windows-x86_64 0.1.0 7.00 41.00 48.00 NOTE

Check Details

Version: 0.1.0
Check: LazyData
Result: NOTE 'LazyData' is specified without a 'data' directory Flavors: r-devel-linux-x86_64-debian-clang, r-devel-linux-x86_64-debian-gcc, r-devel-linux-x86_64-fedora-clang, r-devel-linux-x86_64-fedora-gcc, r-devel-windows-x86_64, r-patched-linux-x86_64, r-release-linux-x86_64, r-release-macos-arm64, r-release-macos-x86_64, r-release-windows-x86_64, r-oldrel-macos-arm64, r-oldrel-macos-x86_64, r-oldrel-windows-x86_64