CRAN Package Check Results for Package CHNCapitalStock

Last updated on 2024-06-14 05:58:18 CEST.

Flavor Version Tinstall Tcheck Ttotal Status Flags
r-devel-linux-x86_64-debian-clang 0.1.1 2.16 24.19 26.35 OK
r-devel-linux-x86_64-debian-gcc 0.1.1 0.34 1.70 2.04 ERROR
r-devel-linux-x86_64-fedora-clang 0.1.1 36.04 OK
r-devel-linux-x86_64-fedora-gcc 0.1.1 33.34 OK
r-devel-windows-x86_64 0.1.1 3.00 41.00 44.00 OK
r-patched-linux-x86_64 0.1.1 1.93 25.07 27.00 OK
r-release-linux-x86_64 0.1.1 1.63 25.27 26.90 OK
r-release-macos-arm64 0.1.1 17.00 OK
r-release-macos-x86_64 0.1.1 25.00 OK
r-release-windows-x86_64 0.1.1 3.00 47.00 50.00 OK
r-oldrel-macos-arm64 0.1.1 20.00 OK
r-oldrel-macos-x86_64 0.1.1 35.00 OK
r-oldrel-windows-x86_64 0.1.1 4.00 43.00 47.00 OK

Check Details

Version: 0.1.1
Check: package dependencies
Result: ERROR Package required but not available: ‘dplyr’ Package suggested but not available for checking: ‘testthat’ See section ‘The DESCRIPTION file’ in the ‘Writing R Extensions’ manual. Flavor: r-devel-linux-x86_64-debian-gcc