CRAN Package Check Results for Package CGE

Last updated on 2024-06-13 05:59:00 CEST.

Flavor Version Tinstall Tcheck Ttotal Status Flags
r-devel-linux-x86_64-debian-clang 0.3.3 5.46 55.89 61.35 NOTE
r-devel-linux-x86_64-debian-gcc 0.3.3 4.16 40.44 44.60 NOTE
r-devel-linux-x86_64-fedora-clang 0.3.3 74.49 NOTE
r-devel-linux-x86_64-fedora-gcc 0.3.3 70.34 NOTE
r-devel-windows-x86_64 0.3.3 5.00 65.00 70.00 NOTE
r-patched-linux-x86_64 0.3.3 6.61 52.52 59.13 NOTE
r-release-linux-x86_64 0.3.3 5.31 52.10 57.41 NOTE
r-release-macos-arm64 0.3.3 23.00 NOTE
r-release-macos-x86_64 0.3.3 41.00 NOTE
r-release-windows-x86_64 0.3.3 6.00 66.00 72.00 NOTE
r-oldrel-macos-arm64 0.3.3 22.00 NOTE
r-oldrel-macos-x86_64 0.3.3 39.00 NOTE
r-oldrel-windows-x86_64 0.3.3 10.00 76.00 86.00 NOTE

Check Details

Version: 0.3.3
Check: LazyData
Result: NOTE 'LazyData' is specified without a 'data' directory Flavors: r-devel-linux-x86_64-debian-clang, r-devel-linux-x86_64-debian-gcc, r-devel-linux-x86_64-fedora-clang, r-devel-linux-x86_64-fedora-gcc, r-devel-windows-x86_64, r-patched-linux-x86_64, r-release-linux-x86_64, r-release-macos-arm64, r-release-macos-x86_64, r-release-windows-x86_64, r-oldrel-macos-arm64, r-oldrel-macos-x86_64, r-oldrel-windows-x86_64