CRAN Package Check Results for Package CATTexact

Last updated on 2024-06-20 17:48:58 CEST.

Flavor Version Tinstall Tcheck Ttotal Status Flags
r-devel-linux-x86_64-debian-clang 0.1.1 2.46 36.34 38.80 NOTE
r-devel-linux-x86_64-debian-gcc 0.1.1 1.93 27.05 28.98 NOTE
r-devel-linux-x86_64-fedora-clang 0.1.1 49.33 NOTE
r-devel-linux-x86_64-fedora-gcc 0.1.1 47.72 NOTE
r-devel-windows-x86_64 0.1.1 2.00 61.00 63.00 NOTE
r-patched-linux-x86_64 0.1.1 1.89 35.42 37.31 NOTE
r-release-linux-x86_64 0.1.1 1.93 35.57 37.50 NOTE
r-release-macos-arm64 0.1.1 21.00 NOTE
r-release-macos-x86_64 0.1.1 36.00 NOTE
r-release-windows-x86_64 0.1.1 3.00 16.00 19.00 ERROR
r-oldrel-macos-arm64 0.1.1 23.00 NOTE
r-oldrel-macos-x86_64 0.1.1 32.00 NOTE
r-oldrel-windows-x86_64 0.1.1 3.00 60.00 63.00 NOTE

Check Details

Version: 0.1.1
Check: LazyData
Result: NOTE 'LazyData' is specified without a 'data' directory Flavors: r-devel-linux-x86_64-debian-clang, r-devel-linux-x86_64-debian-gcc, r-devel-linux-x86_64-fedora-clang, r-devel-linux-x86_64-fedora-gcc, r-devel-windows-x86_64, r-patched-linux-x86_64, r-release-linux-x86_64, r-release-macos-arm64, r-release-macos-x86_64, r-oldrel-macos-arm64, r-oldrel-macos-x86_64, r-oldrel-windows-x86_64

Version: 0.1.1
Check: whether the package can be loaded
Result: ERROR Loading this package had a fatal error status code 301 Flavor: r-release-windows-x86_64