CRAN Package Check Results for Package CAMML

Last updated on 2024-06-12 17:57:10 CEST.

Flavor Version Tinstall Tcheck Ttotal Status Flags
r-devel-linux-x86_64-debian-clang 1.0.0 44.38 455.24 499.62 OK
r-devel-linux-x86_64-debian-gcc 1.0.0 0.45 1.81 2.26 ERROR
r-devel-linux-x86_64-fedora-clang 1.0.0 674.93 OK
r-devel-linux-x86_64-fedora-gcc 1.0.0 640.19 OK
r-devel-windows-x86_64 1.0.0 41.00 319.00 360.00 OK
r-patched-linux-x86_64 1.0.0 37.96 429.44 467.40 OK
r-release-linux-x86_64 1.0.0 31.33 429.09 460.42 OK
r-release-macos-arm64 1.0.0 5.00 ERROR
r-release-macos-x86_64 1.0.0 259.00 OK
r-release-windows-x86_64 1.0.0 37.00 227.00 264.00 WARN
r-oldrel-macos-arm64 1.0.0 187.00 OK
r-oldrel-macos-x86_64 1.0.0 11.00 ERROR
r-oldrel-windows-x86_64 1.0.0 56.00 386.00 442.00 OK

Check Details

Version: 1.0.0
Check: package dependencies
Result: ERROR Packages required but not available: 'Seurat', 'org.Hs.eg.db', 'org.Dr.eg.db', 'org.Mm.eg.db', 'AnnotationDbi' Package suggested but not available for checking: ‘sctransform’ See section ‘The DESCRIPTION file’ in the ‘Writing R Extensions’ manual. Flavor: r-devel-linux-x86_64-debian-gcc

Version: 1.0.0
Check: package dependencies
Result: ERROR Packages required but not available: 'org.Dr.eg.db', 'org.Mm.eg.db' See section ‘The DESCRIPTION file’ in the ‘Writing R Extensions’ manual. Flavors: r-release-macos-arm64, r-oldrel-macos-x86_64

Version: 1.0.0
Check: whether the package can be loaded with stated dependencies
Result: WARN It looks like this package (or one of its dependent packages) has an unstated dependence on a standard package. All dependencies must be declared in DESCRIPTION. See section 'The DESCRIPTION file' in the 'Writing R Extensions' manual. Flavor: r-release-windows-x86_64

Version: 1.0.0
Check: whether the package can be unloaded cleanly
Result: WARN
Flavor: r-release-windows-x86_64

Version: 1.0.0
Check: whether the namespace can be loaded with stated dependencies
Result: WARN A namespace must be able to be loaded with just the base namespace loaded: otherwise if the namespace gets loaded by a saved object, the session will be unable to start. Probably some imports need to be declared in the NAMESPACE file. Flavor: r-release-windows-x86_64

Version: 1.0.0
Check: whether the namespace can be unloaded cleanly
Result: WARN Mingw-w64 runtime failure: VirtualProtect failed with code 0x5af Flavor: r-release-windows-x86_64