CRAN Package Check Results for Package Branching

Last updated on 2024-06-22 06:50:39 CEST.

Flavor Version Tinstall Tcheck Ttotal Status Flags
r-devel-linux-x86_64-debian-clang 0.9.7 6.13 28.58 34.71 OK
r-devel-linux-x86_64-debian-gcc 0.9.7 4.54 21.78 26.32 OK
r-devel-linux-x86_64-fedora-clang 0.9.7 43.08 NOTE
r-devel-linux-x86_64-fedora-gcc 0.9.7 42.44 NOTE
r-devel-windows-x86_64 0.9.7 7.00 44.00 51.00 OK
r-patched-linux-x86_64 0.9.7 4.86 26.61 31.47 OK
r-release-linux-x86_64 0.9.7 5.30 27.46 32.76 OK
r-release-macos-arm64 0.9.7 17.00 OK
r-release-macos-x86_64 0.9.7 25.00 OK
r-release-windows-x86_64 0.9.7 7.00 43.00 50.00 OK
r-oldrel-macos-arm64 0.9.7 22.00 OK
r-oldrel-macos-x86_64 0.9.7 39.00 OK
r-oldrel-windows-x86_64 0.9.7 12.00 42.00 54.00 OK

Check Details

Version: 0.9.7
Check: compiled code
Result: NOTE File ‘Branching/libs/Branching.so’: Found no calls to: ‘R_registerRoutines’, ‘R_useDynamicSymbols’ It is good practice to register native routines and to disable symbol search. See ‘Writing portable packages’ in the ‘Writing R Extensions’ manual. Flavors: r-devel-linux-x86_64-fedora-clang, r-devel-linux-x86_64-fedora-gcc