CRAN Package Check Results for Package BiTrinA

Last updated on 2024-06-13 05:58:59 CEST.

Flavor Version Tinstall Tcheck Ttotal Status Flags
r-devel-linux-x86_64-debian-clang 1.3.1 11.18 46.41 57.59 OK
r-devel-linux-x86_64-debian-gcc 1.3.1 7.81 38.50 46.31 NOTE
r-devel-linux-x86_64-fedora-clang 1.3.1 72.26 OK
r-devel-linux-x86_64-fedora-gcc 1.3.1 86.54 OK
r-devel-windows-x86_64 1.3.1 13.00 79.00 92.00 OK
r-patched-linux-x86_64 1.3.1 10.07 44.89 54.96 OK
r-release-linux-x86_64 1.3.1 7.91 45.30 53.21 OK
r-release-macos-arm64 1.3.1 32.00 OK
r-release-macos-x86_64 1.3.1 47.00 OK
r-release-windows-x86_64 1.3.1 11.00 79.00 90.00 OK
r-oldrel-macos-arm64 1.3.1 49.00 OK
r-oldrel-macos-x86_64 1.3.1 107.00 OK
r-oldrel-windows-x86_64 1.3.1 11.00 78.00 89.00 OK

Check Details

Version: 1.3.1
Check: package dependencies
Result: NOTE Package suggested but not available for checking: ‘BoolNet’ Flavor: r-devel-linux-x86_64-debian-gcc