CRAN Package Check Results for Package Bestie

Last updated on 2024-07-23 07:07:09 CEST.

Flavor Version Tinstall Tcheck Ttotal Status Flags
r-devel-linux-x86_64-debian-clang 0.1.5 16.37 38.07 54.44 OK
r-devel-linux-x86_64-debian-gcc 0.1.5 8.50 28.22 36.72 OK
r-devel-linux-x86_64-fedora-clang 0.1.5 80.17 NOTE
r-devel-linux-x86_64-fedora-gcc 0.1.5 65.18 NOTE
r-devel-windows-x86_64 0.1.5 17.00 63.00 80.00 OK
r-patched-linux-x86_64 0.1.5 17.07 35.74 52.81 OK
r-release-linux-x86_64 0.1.5 9.56 35.60 45.16 OK
r-release-macos-arm64 0.1.5 27.00 OK
r-release-macos-x86_64 0.1.5 35.00 OK
r-release-windows-x86_64 0.1.5 20.00 59.00 79.00 OK
r-oldrel-macos-arm64 0.1.5 27.00 OK
r-oldrel-macos-x86_64 0.1.5 38.00 OK
r-oldrel-windows-x86_64 0.1.5 19.00 71.00 90.00 OK

Check Details

Version: 0.1.5
Check: dependencies in R code
Result: NOTE Namespace in Imports field not imported from: ‘BiDAG’ All declared Imports should be used. Flavors: r-devel-linux-x86_64-fedora-clang, r-devel-linux-x86_64-fedora-gcc