CRAN Package Check Results for Package BayesGWQS

Last updated on 2024-07-21 18:54:06 CEST.

Flavor Version Tinstall Tcheck Ttotal Status Flags
r-devel-linux-x86_64-debian-clang 0.1.1 2.89 28.40 31.29 OK
r-devel-linux-x86_64-debian-gcc 0.1.1 1.35 21.22 22.57 OK
r-devel-linux-x86_64-fedora-clang 0.1.1 38.27 NOTE
r-devel-linux-x86_64-fedora-gcc 0.1.1 36.68 NOTE
r-devel-windows-x86_64 0.1.1 4.00 44.00 48.00 OK
r-patched-linux-x86_64 0.1.1 2.65 26.50 29.15 OK
r-release-linux-x86_64 0.1.1 2.43 26.65 29.08 OK
r-release-macos-arm64 0.1.1 18.00 OK
r-release-macos-x86_64 0.1.1 33.00 OK
r-release-windows-x86_64 0.1.1 3.00 44.00 47.00 OK
r-oldrel-macos-arm64 0.1.1 20.00 OK
r-oldrel-macos-x86_64 0.1.1 23.00 OK
r-oldrel-windows-x86_64 0.1.1 4.00 45.00 49.00 OK

Check Details

Version: 0.1.1
Check: dependencies in R code
Result: NOTE Namespace in Imports field not imported from: ‘plyr’ All declared Imports should be used. Flavors: r-devel-linux-x86_64-fedora-clang, r-devel-linux-x86_64-fedora-gcc