CRAN Package Check Results for Package BayesARIMAX

Last updated on 2024-06-20 17:48:57 CEST.

Flavor Version Tinstall Tcheck Ttotal Status Flags
r-devel-linux-x86_64-debian-clang 0.1.1 7.13 65.23 72.36 NOTE
r-devel-linux-x86_64-debian-gcc 0.1.1 5.96 48.72 54.68 NOTE
r-devel-linux-x86_64-fedora-clang 0.1.1 92.82 NOTE
r-devel-linux-x86_64-fedora-gcc 0.1.1 91.11 NOTE
r-devel-windows-x86_64 0.1.1 8.00 64.00 72.00 NOTE
r-patched-linux-x86_64 0.1.1 7.43 63.37 70.80 NOTE
r-release-linux-x86_64 0.1.1 7.59 61.53 69.12 NOTE
r-release-macos-arm64 0.1.1 29.00 NOTE
r-release-macos-x86_64 0.1.1 43.00 NOTE
r-release-windows-x86_64 0.1.1 8.00 65.00 73.00 NOTE
r-oldrel-macos-arm64 0.1.1 31.00 NOTE
r-oldrel-macos-x86_64 0.1.1 44.00 NOTE
r-oldrel-windows-x86_64 0.1.1 10.00 73.00 83.00 NOTE

Check Details

Version: 0.1.1
Check: LazyData
Result: NOTE 'LazyData' is specified without a 'data' directory Flavors: r-devel-linux-x86_64-debian-clang, r-devel-linux-x86_64-debian-gcc, r-devel-linux-x86_64-fedora-clang, r-devel-linux-x86_64-fedora-gcc, r-devel-windows-x86_64, r-patched-linux-x86_64, r-release-linux-x86_64, r-release-macos-arm64, r-release-macos-x86_64, r-release-windows-x86_64, r-oldrel-macos-arm64, r-oldrel-macos-x86_64, r-oldrel-windows-x86_64