CRAN Package Check Results for Package BSDA

Last updated on 2024-06-14 05:58:17 CEST.

Flavor Version Tinstall Tcheck Ttotal Status Flags
r-devel-linux-x86_64-debian-clang 1.2.2 10.28 79.50 89.78 OK
r-devel-linux-x86_64-debian-gcc 1.2.2 7.65 59.87 67.52 NOTE
r-devel-linux-x86_64-fedora-clang 1.2.2 110.28 OK
r-devel-linux-x86_64-fedora-gcc 1.2.2 107.13 OK
r-devel-windows-x86_64 1.2.2 12.00 146.00 158.00 OK
r-patched-linux-x86_64 1.2.2 17.23 78.96 96.19 OK
r-release-linux-x86_64 1.2.2 8.15 78.78 86.93 OK
r-release-macos-arm64 1.2.2 34.00 OK
r-release-macos-x86_64 1.2.2 56.00 OK
r-release-windows-x86_64 1.2.2 13.00 148.00 161.00 OK
r-oldrel-macos-arm64 1.2.2 49.00 OK
r-oldrel-macos-x86_64 1.2.2 97.00 OK
r-oldrel-windows-x86_64 1.2.2 16.00 168.00 184.00 OK

Check Details

Version: 1.2.2
Check: package dependencies
Result: NOTE Packages suggested but not available for checking: 'ggplot2', 'dplyr', 'tidyr' Flavor: r-devel-linux-x86_64-debian-gcc