CRAN Package Check Results for Package BRISC

Last updated on 2024-06-23 17:53:52 CEST.

Flavor Version Tinstall Tcheck Ttotal Status Flags
r-devel-linux-x86_64-debian-clang 1.0.5 12.73 61.25 73.98 OK
r-devel-linux-x86_64-debian-gcc 1.0.5 9.31 42.10 51.41 OK
r-devel-linux-x86_64-fedora-clang 1.0.5 94.78 OK
r-devel-linux-x86_64-fedora-gcc 1.0.5 85.11 OK
r-devel-windows-x86_64 1.0.5 11.00 70.00 81.00 NOTE
r-patched-linux-x86_64 1.0.5 11.20 54.52 65.72 OK
r-release-linux-x86_64 1.0.5 8.51 54.53 63.04 OK
r-release-macos-arm64 1.0.5 35.00 OK
r-release-macos-x86_64 1.0.5 44.00 OK
r-release-windows-x86_64 1.0.5 12.00 74.00 86.00 NOTE
r-oldrel-macos-arm64 1.0.5 33.00 OK
r-oldrel-macos-x86_64 1.0.5 53.00 OK
r-oldrel-windows-x86_64 1.0.5 14.00 88.00 102.00 NOTE

Additional issues

noRemap

Check Details

Version: 1.0.5
Check: C++ specification
Result: NOTE Specified C++11: please drop specification unless essential Flavors: r-devel-windows-x86_64, r-release-windows-x86_64, r-oldrel-windows-x86_64