CRAN Package Check Results for Package BNPdensity

Last updated on 2024-06-14 17:58:10 CEST.

Flavor Version Tinstall Tcheck Ttotal Status Flags
r-devel-linux-x86_64-debian-clang 2023.3.8 14.34 194.20 208.54 NOTE
r-devel-linux-x86_64-debian-gcc 2023.3.8 10.52 135.24 145.76 NOTE
r-devel-linux-x86_64-fedora-clang 2023.3.8 249.72 NOTE
r-devel-linux-x86_64-fedora-gcc 2023.3.8 235.19 NOTE
r-devel-windows-x86_64 2023.3.8 12.00 209.00 221.00 NOTE
r-patched-linux-x86_64 2023.3.8 17.06 177.34 194.40 NOTE
r-release-linux-x86_64 2023.3.8 14.20 178.05 192.25 NOTE
r-release-macos-arm64 2023.3.8 72.00 NOTE
r-release-macos-x86_64 2023.3.8 160.00 NOTE
r-release-windows-x86_64 2023.3.8 13.00 230.00 243.00 NOTE
r-oldrel-macos-arm64 2023.3.8 68.00 OK
r-oldrel-macos-x86_64 2023.3.8 123.00 OK
r-oldrel-windows-x86_64 2023.3.8 18.00 252.00 270.00 OK

Check Details

Version: 2023.3.8
Check: Rd files
Result: NOTE checkRd: (-1) MvInv.Rd:23-35: Lost braces 23 | function(eps, u = 0.5, alpha = 1, kappa = 1, gama = 1 / 2, N = 3001) { | ^ checkRd: (-1) dt_.Rd:19-21: Lost braces 19 | function(x, df, mean, sd) { | ^ Flavors: r-devel-linux-x86_64-debian-clang, r-devel-linux-x86_64-debian-gcc, r-devel-linux-x86_64-fedora-clang, r-devel-linux-x86_64-fedora-gcc, r-devel-windows-x86_64, r-patched-linux-x86_64, r-release-linux-x86_64, r-release-macos-arm64, r-release-macos-x86_64, r-release-windows-x86_64