CRAN Package Check Results for Package BH

Last updated on 2024-07-15 06:49:21 CEST.

Flavor Version Tinstall Tcheck Ttotal Status Flags
r-devel-linux-x86_64-debian-clang 1.84.0-0 29.75 47.05 76.80 OK
r-devel-linux-x86_64-debian-gcc 1.84.0-0 20.14 35.29 55.43 OK
r-devel-linux-x86_64-fedora-clang 1.84.0-0 67.42 NOTE
r-devel-linux-x86_64-fedora-gcc 1.84.0-0 67.79 OK
r-devel-windows-x86_64 1.84.0-0 73.00 57.00 130.00 NOTE
r-patched-linux-x86_64 1.84.0-0 30.88 46.51 77.39 OK
r-release-linux-x86_64 1.84.0-0 31.59 45.00 76.59 OK
r-release-macos-arm64 1.84.0-0 60.00 NOTE
r-release-macos-x86_64 1.84.0-0 112.00 NOTE
r-release-windows-x86_64 1.84.0-0 72.00 56.00 128.00 NOTE
r-oldrel-macos-arm64 1.84.0-0 69.00 NOTE
r-oldrel-macos-x86_64 1.84.0-0 166.00 NOTE
r-oldrel-windows-x86_64 1.84.0-0 82.00 60.00 142.00 NOTE

Check Details

Version: 1.84.0-0
Check: installed package size
Result: NOTE installed size is 153.3Mb sub-directories of 1Mb or more: include 153.2Mb Flavors: r-devel-linux-x86_64-fedora-clang, r-devel-windows-x86_64, r-release-macos-arm64, r-release-macos-x86_64, r-release-windows-x86_64, r-oldrel-macos-arm64, r-oldrel-macos-x86_64, r-oldrel-windows-x86_64