CRAN Package Check Results for Package BENMMI

Last updated on 2024-06-12 17:57:09 CEST.

Flavor Version Tinstall Tcheck Ttotal Status Flags
r-devel-linux-x86_64-debian-clang 4.3-7 9.00 84.68 93.68 OK
r-devel-linux-x86_64-debian-gcc 4.3-7 0.62 1.72 2.34 ERROR
r-devel-linux-x86_64-fedora-clang 4.3-7 121.03 OK
r-devel-linux-x86_64-fedora-gcc 4.3-7 126.74 OK
r-devel-windows-x86_64 4.3-7 8.00 110.00 118.00 OK
r-patched-linux-x86_64 4.3-7 6.67 83.53 90.20 OK
r-release-linux-x86_64 4.3-7 4.88 82.29 87.17 OK
r-release-macos-arm64 4.3-7 55.00 OK
r-release-macos-x86_64 4.3-7 82.00 WARN
r-release-windows-x86_64 4.3-7 8.00 126.00 134.00 OK
r-oldrel-macos-arm64 4.3-7 48.00 OK
r-oldrel-macos-x86_64 4.3-7 119.00 OK
r-oldrel-windows-x86_64 4.3-7 10.00 112.00 122.00 OK

Check Details

Version: 4.3-7
Check: package dependencies
Result: ERROR Packages required but not available: 'benthos', 'readr', 'purrr', 'dplyr', 'tidyr', 'ggplot2' See section ‘The DESCRIPTION file’ in the ‘Writing R Extensions’ manual. Flavor: r-devel-linux-x86_64-debian-gcc

Version: 4.3-7
Check: re-building of vignette outputs
Result: WARN Error(s) in re-building vignettes: --- re-building ‘BENMMI_User_Manual.Rnw’ using knitr Error: processing vignette 'BENMMI_User_Manual.Rnw' failed with diagnostics: Running 'texi2dvi' on 'BENMMI_User_Manual.tex' failed. LaTeX errors: ! Undefined control sequence. l.223 \hlkwd{library}\hldef {(BENMMI)} ? ! Emergency stop. ! Emergency stop. l.223 End of file on the terminal! ! ==> Fatal error occurred, no output PDF file produced! --- failed re-building ‘BENMMI_User_Manual.Rnw’ --- re-building ‘FAQ.Rnw’ using knitr --- finished re-building ‘FAQ.Rnw’ SUMMARY: processing the following file failed: ‘BENMMI_User_Manual.Rnw’ Error: Vignette re-building failed. Execution halted Flavor: r-release-macos-x86_64