CRAN Package Check Results for Package BAGofT

Last updated on 2024-06-20 17:48:56 CEST.

Flavor Version Tinstall Tcheck Ttotal Status Flags
r-devel-linux-x86_64-debian-clang 1.0.0 2.62 25.34 27.96 OK
r-devel-linux-x86_64-debian-gcc 1.0.0 2.01 20.00 22.01 OK
r-devel-linux-x86_64-fedora-clang 1.0.0 36.21 OK
r-devel-linux-x86_64-fedora-gcc 1.0.0 34.55 OK
r-devel-windows-x86_64 1.0.0 3.00 42.00 45.00 OK
r-patched-linux-x86_64 1.0.0 2.04 25.46 27.50 OK
r-release-linux-x86_64 1.0.0 2.59 25.29 27.88 OK
r-release-macos-arm64 1.0.0 17.00 OK
r-release-macos-x86_64 1.0.0 22.00 OK
r-release-windows-x86_64 1.0.0 3.00 43.00 46.00 OK
r-oldrel-macos-arm64 1.0.0 18.00 OK
r-oldrel-macos-x86_64 1.0.0 21.00 NOTE
r-oldrel-windows-x86_64 1.0.0 4.00 45.00 49.00 OK

Check Details

Version: 1.0.0
Check: package dependencies
Result: NOTE Package suggested but not available for checking: ‘xgboost’ Flavor: r-oldrel-macos-x86_64