CRAN Package Check Results for Package AutoDeskR

Last updated on 2024-06-15 17:57:28 CEST.

Flavor Version Tinstall Tcheck Ttotal Status Flags
r-devel-linux-x86_64-debian-clang 0.1.3 4.10 44.82 48.92 NOTE
r-devel-linux-x86_64-debian-gcc 0.1.3 4.25 34.06 38.31 NOTE
r-devel-linux-x86_64-fedora-clang 0.1.3 61.53 NOTE
r-devel-linux-x86_64-fedora-gcc 0.1.3 71.60 NOTE
r-devel-windows-x86_64 0.1.3 5.00 57.00 62.00 NOTE
r-patched-linux-x86_64 0.1.3 6.20 43.51 49.71 NOTE
r-release-linux-x86_64 0.1.3 4.58 42.61 47.19 NOTE
r-release-macos-arm64 0.1.3 31.00 NOTE
r-release-macos-x86_64 0.1.3 52.00 NOTE
r-release-windows-x86_64 0.1.3 6.00 61.00 67.00 NOTE
r-oldrel-macos-arm64 0.1.3 32.00 NOTE
r-oldrel-macos-x86_64 0.1.3 44.00 NOTE
r-oldrel-windows-x86_64 0.1.3 7.00 62.00 69.00 NOTE

Check Details

Version: 0.1.3
Check: LazyData
Result: NOTE 'LazyData' is specified without a 'data' directory Flavors: r-devel-linux-x86_64-debian-clang, r-devel-linux-x86_64-debian-gcc, r-devel-linux-x86_64-fedora-clang, r-devel-linux-x86_64-fedora-gcc, r-devel-windows-x86_64, r-patched-linux-x86_64, r-release-linux-x86_64, r-release-macos-arm64, r-release-macos-x86_64, r-release-windows-x86_64, r-oldrel-macos-arm64, r-oldrel-macos-x86_64, r-oldrel-windows-x86_64