CRAN Package Check Results for Package AntMAN

Last updated on 2024-06-17 17:57:01 CEST.

Flavor Version Tinstall Tcheck Ttotal Status Flags
r-devel-linux-x86_64-debian-clang 1.1.0 77.79 301.14 378.93 NOTE
r-devel-linux-x86_64-debian-gcc 1.1.0 57.62 419.26 476.88 NOTE
r-devel-linux-x86_64-fedora-clang 1.1.0 525.29 NOTE
r-devel-linux-x86_64-fedora-gcc 1.1.0 503.56 NOTE
r-devel-windows-x86_64 1.1.0 59.00 301.00 360.00 NOTE
r-patched-linux-x86_64 1.1.0 57.23 411.35 468.58 NOTE
r-release-linux-x86_64 1.1.0 56.22 377.25 433.47 NOTE
r-release-macos-arm64 1.1.0 121.00 NOTE
r-release-macos-x86_64 1.1.0 167.00 NOTE
r-release-windows-x86_64 1.1.0 60.00 321.00 381.00 NOTE
r-oldrel-macos-arm64 1.1.0 140.00 NOTE
r-oldrel-macos-x86_64 1.1.0 216.00 NOTE
r-oldrel-windows-x86_64 1.1.0 73.00 341.00 414.00 NOTE

Check Details

Version: 1.1.0
Check: C++ specification
Result: NOTE Specified C++11: please drop specification unless essential Flavors: r-devel-linux-x86_64-debian-clang, r-devel-linux-x86_64-debian-gcc, r-devel-linux-x86_64-fedora-clang, r-devel-linux-x86_64-fedora-gcc, r-devel-windows-x86_64, r-patched-linux-x86_64, r-release-linux-x86_64, r-release-macos-arm64, r-release-macos-x86_64, r-release-windows-x86_64, r-oldrel-macos-arm64, r-oldrel-macos-x86_64, r-oldrel-windows-x86_64

Version: 1.1.0
Check: dependencies in R code
Result: NOTE Namespaces in Imports field not imported from: ‘Rdpack’ ‘mcclust’ All declared Imports should be used. Flavors: r-devel-linux-x86_64-fedora-clang, r-devel-linux-x86_64-fedora-gcc

Version: 1.1.0
Check: installed package size
Result: NOTE installed size is 5.6Mb sub-directories of 1Mb or more: libs 5.3Mb Flavors: r-release-macos-arm64, r-release-macos-x86_64, r-oldrel-macos-arm64, r-oldrel-macos-x86_64