CRAN Package Check Results for Package Amelia

Last updated on 2025-01-20 08:48:20 CET.

Flavor Version Tinstall Tcheck Ttotal Status Flags
r-devel-linux-x86_64-debian-clang 1.8.3 32.00 70.22 102.22 OK
r-devel-linux-x86_64-debian-gcc 1.8.3 25.18 49.70 74.88 OK
r-devel-linux-x86_64-fedora-clang 1.8.3 172.14 OK
r-devel-linux-x86_64-fedora-gcc 1.8.3 191.19 OK
r-devel-windows-x86_64 1.8.3 37.00 102.00 139.00 OK
r-patched-linux-x86_64 1.8.3 33.20 66.94 100.14 OK
r-release-linux-x86_64 1.8.3 36.21 67.66 103.87 OK
r-release-macos-arm64 1.8.3 85.00 NOTE
r-release-macos-x86_64 1.8.3 161.00 NOTE
r-release-windows-x86_64 1.8.3 35.00 101.00 136.00 OK
r-oldrel-macos-arm64 1.8.3 83.00 NOTE
r-oldrel-macos-x86_64 1.8.3 149.00 NOTE
r-oldrel-windows-x86_64 1.8.3 35.00 120.00 155.00 OK

Check Details

Version: 1.8.3
Check: installed package size
Result: NOTE installed size is 5.7Mb sub-directories of 1Mb or more: doc 1.4Mb libs 3.6Mb Flavors: r-release-macos-arm64, r-release-macos-x86_64, r-oldrel-macos-arm64, r-oldrel-macos-x86_64