CRAN Package Check Results for Package AlgDesign

Last updated on 2024-06-24 06:49:06 CEST.

Flavor Version Tinstall Tcheck Ttotal Status Flags
r-devel-linux-x86_64-debian-clang 1.2.1 11.91 44.27 56.18 OK
r-devel-linux-x86_64-debian-gcc 1.2.1 6.08 33.47 39.55 OK
r-devel-linux-x86_64-fedora-clang 1.2.1 70.61 NOTE
r-devel-linux-x86_64-fedora-gcc 1.2.1 78.47 NOTE
r-devel-windows-x86_64 1.2.1 11.00 72.00 83.00 OK
r-patched-linux-x86_64 1.2.1 8.41 41.86 50.27 OK
r-release-linux-x86_64 1.2.1 7.31 42.80 50.11 OK
r-release-macos-arm64 1.2.1 31.00 OK
r-release-macos-x86_64 1.2.1 51.00 OK
r-release-windows-x86_64 1.2.1 9.00 79.00 88.00 OK
r-oldrel-macos-arm64 1.2.1 35.00 OK
r-oldrel-macos-x86_64 1.2.1 47.00 OK
r-oldrel-windows-x86_64 1.2.1 10.00 68.00 78.00 OK

Check Details

Version: 1.2.1
Check: compiled code
Result: NOTE File ‘AlgDesign/libs/AlgDesign.so’: Found no calls to: ‘R_registerRoutines’, ‘R_useDynamicSymbols’ It is good practice to register native routines and to disable symbol search. See ‘Writing portable packages’ in the ‘Writing R Extensions’ manual. Flavors: r-devel-linux-x86_64-fedora-clang, r-devel-linux-x86_64-fedora-gcc