CRAN Package Check Results for Package AcuityView

Last updated on 2024-06-13 05:58:56 CEST.

Flavor Version Tinstall Tcheck Ttotal Status Flags
r-devel-linux-x86_64-debian-clang 0.1 4.67 43.44 48.11 NOTE
r-devel-linux-x86_64-debian-gcc 0.1 0.35 1.71 2.06 ERROR
r-devel-linux-x86_64-fedora-clang 0.1 60.49 NOTE
r-devel-linux-x86_64-fedora-gcc 0.1 56.81 NOTE
r-devel-windows-x86_64 0.1 6.00 56.00 62.00 NOTE
r-patched-linux-x86_64 0.1 5.38 41.28 46.66 NOTE
r-release-linux-x86_64 0.1 4.97 42.17 47.14 NOTE
r-release-macos-arm64 0.1 24.00 NOTE
r-release-macos-x86_64 0.1 34.00 NOTE
r-release-windows-x86_64 0.1 6.00 58.00 64.00 NOTE
r-oldrel-macos-arm64 0.1 26.00 NOTE
r-oldrel-macos-x86_64 0.1 33.00 NOTE
r-oldrel-windows-x86_64 0.1 7.00 62.00 69.00 NOTE

Check Details

Version: 0.1
Check: LazyData
Result: NOTE 'LazyData' is specified without a 'data' directory Flavors: r-devel-linux-x86_64-debian-clang, r-devel-linux-x86_64-fedora-clang, r-devel-linux-x86_64-fedora-gcc, r-devel-windows-x86_64, r-patched-linux-x86_64, r-release-linux-x86_64, r-release-macos-arm64, r-release-macos-x86_64, r-release-windows-x86_64, r-oldrel-macos-arm64, r-oldrel-macos-x86_64, r-oldrel-windows-x86_64

Version: 0.1
Check: for non-standard things in the check directory
Result: NOTE Found the following files/directories: ‘Example.jpeg’ Flavors: r-devel-linux-x86_64-debian-clang, r-devel-linux-x86_64-fedora-clang, r-devel-linux-x86_64-fedora-gcc, r-patched-linux-x86_64, r-release-linux-x86_64

Version: 0.1
Check: package dependencies
Result: ERROR Package required but not available: ‘imager’ See section ‘The DESCRIPTION file’ in the ‘Writing R Extensions’ manual. Flavor: r-devel-linux-x86_64-debian-gcc