CRAN Package Check Results for Package ActFrag

Last updated on 2024-06-24 06:49:06 CEST.

Flavor Version Tinstall Tcheck Ttotal Status Flags
r-devel-linux-x86_64-debian-clang 0.1.1 11.40 124.55 135.95 NOTE
r-devel-linux-x86_64-debian-gcc 0.1.1 10.18 93.91 104.09 NOTE
r-devel-linux-x86_64-fedora-clang 0.1.1 171.31 NOTE
r-devel-linux-x86_64-fedora-gcc 0.1.1 173.60 NOTE
r-devel-windows-x86_64 0.1.1 12.00 101.00 113.00 NOTE
r-patched-linux-x86_64 0.1.1 8.38 116.91 125.29 NOTE
r-release-linux-x86_64 0.1.1 8.57 120.78 129.35 NOTE
r-release-macos-arm64 0.1.1 55.00 NOTE
r-release-macos-x86_64 0.1.1 90.00 NOTE
r-release-windows-x86_64 0.1.1 12.00 120.00 132.00 NOTE
r-oldrel-macos-arm64 0.1.1 61.00 NOTE
r-oldrel-macos-x86_64 0.1.1 86.00 NOTE
r-oldrel-windows-x86_64 0.1.1 16.00 123.00 139.00 NOTE

Check Details

Version: 0.1.1
Check: package subdirectories
Result: NOTE Problems with news in ‘NEWS.md’: No news entries found. Flavors: r-devel-linux-x86_64-debian-clang, r-devel-linux-x86_64-debian-gcc, r-devel-linux-x86_64-fedora-clang, r-devel-linux-x86_64-fedora-gcc, r-devel-windows-x86_64, r-patched-linux-x86_64, r-release-linux-x86_64, r-release-macos-arm64, r-release-macos-x86_64, r-release-windows-x86_64, r-oldrel-macos-arm64, r-oldrel-macos-x86_64, r-oldrel-windows-x86_64

Version: 0.1.1
Check: dependencies in R code
Result: NOTE Namespace in Imports field not imported from: ‘tidyr’ All declared Imports should be used. Flavors: r-devel-linux-x86_64-fedora-clang, r-devel-linux-x86_64-fedora-gcc