CRAN Package Check Results for Package ARDECO

Last updated on 2024-06-13 17:49:02 CEST.

Flavor Version Tinstall Tcheck Ttotal Status Flags
r-devel-linux-x86_64-debian-clang 1.0.1 6.07 58.29 64.36 OK
r-devel-linux-x86_64-debian-gcc 1.0.1 0.23 1.72 1.95 ERROR
r-devel-linux-x86_64-fedora-clang 1.0.1 84.91 OK
r-devel-linux-x86_64-fedora-gcc 1.0.1 77.38 OK
r-devel-windows-x86_64 1.0.1 6.00 65.00 71.00 OK
r-patched-linux-x86_64 1.0.1 6.26 58.98 65.24 OK
r-release-linux-x86_64 1.0.1 5.94 58.25 64.19 OK
r-release-macos-arm64 1.0.1 60.00 OK
r-release-macos-x86_64 1.0.1 95.00 OK
r-release-windows-x86_64 1.0.1 7.00 80.00 87.00 OK
r-oldrel-macos-arm64 1.0.1 60.00 OK
r-oldrel-macos-x86_64 1.0.1 97.00 OK
r-oldrel-windows-x86_64 1.0.1 7.00 71.00 78.00 OK

Check Details

Version: 1.0.1
Check: package dependencies
Result: ERROR Packages required but not available: 'dplyr', 'tidyr' See section ‘The DESCRIPTION file’ in the ‘Writing R Extensions’ manual. Flavor: r-devel-linux-x86_64-debian-gcc