CRAN Package Check Results for Package AQEval

Last updated on 2024-06-14 05:58:15 CEST.

Flavor Version Tinstall Tcheck Ttotal Status Flags
r-devel-linux-x86_64-debian-clang 0.5.7 15.65 160.98 176.63 OK
r-devel-linux-x86_64-debian-gcc 0.5.7 0.42 1.76 2.18 ERROR
r-devel-linux-x86_64-fedora-clang 0.5.7 227.09 OK
r-devel-linux-x86_64-fedora-gcc 0.5.7 211.61 OK
r-devel-windows-x86_64 0.5.7 15.00 122.00 137.00 OK
r-patched-linux-x86_64 0.5.7 25.61 150.05 175.66 OK
r-release-linux-x86_64 0.5.7 11.59 145.39 156.98 OK
r-release-macos-arm64 0.5.7 59.00 OK
r-release-macos-x86_64 0.5.7 90.00 OK
r-release-windows-x86_64 0.5.7 17.00 131.00 148.00 OK
r-oldrel-macos-arm64 0.5.7 74.00 OK
r-oldrel-macos-x86_64 0.5.7 162.00 OK
r-oldrel-windows-x86_64 0.5.7 19.00 158.00 177.00 OK

Check Details

Version: 0.5.7
Check: package dependencies
Result: ERROR Packages required but not available: 'openair', 'dplyr', 'loa', 'ggplot2', 'tidyr', 'lubridate', 'purrr', 'ggtext' See section ‘The DESCRIPTION file’ in the ‘Writing R Extensions’ manual. Flavor: r-devel-linux-x86_64-debian-gcc