CRAN Package Check Results for Package AFR

Last updated on 2024-06-14 05:58:15 CEST.

Flavor Version Tinstall Tcheck Ttotal Status Flags
r-devel-linux-x86_64-debian-clang 0.3.5 10.45 102.27 112.72 OK
r-devel-linux-x86_64-debian-gcc 0.3.5 0.29 1.88 2.17 ERROR
r-devel-linux-x86_64-fedora-clang 0.3.5 141.22 OK
r-devel-linux-x86_64-fedora-gcc 0.3.5 158.73 OK
r-devel-windows-x86_64 0.3.5 10.00 110.00 120.00 OK
r-patched-linux-x86_64 0.3.5 9.96 104.85 114.81 OK
r-release-linux-x86_64 0.3.5 9.81 101.41 111.22 OK
r-release-macos-arm64 0.3.5 46.00 OK
r-release-macos-x86_64 0.3.5 70.00 OK
r-release-windows-x86_64 0.3.5 11.00 111.00 122.00 OK
r-oldrel-macos-arm64 0.3.5 68.00 OK
r-oldrel-macos-x86_64 0.3.5 88.00 OK
r-oldrel-windows-x86_64 0.3.5 12.00 116.00 128.00 OK

Check Details

Version: 0.3.5
Check: package dependencies
Result: ERROR Packages required but not available: 'car', 'forecast', 'olsrr', 'ggplot2' Package suggested but not available for checking: ‘roxygen2’ See section ‘The DESCRIPTION file’ in the ‘Writing R Extensions’ manual. Flavor: r-devel-linux-x86_64-debian-gcc