CRAN Package Check Results for Package ABSurvTDC

Last updated on 2024-06-13 05:58:56 CEST.

Flavor Version Tinstall Tcheck Ttotal Status Flags
r-devel-linux-x86_64-debian-clang 0.1.0 5.01 65.40 70.41 OK
r-devel-linux-x86_64-debian-gcc 0.1.0 0.32 1.39 1.71 ERROR
r-devel-linux-x86_64-fedora-clang 0.1.0 91.22 OK
r-devel-linux-x86_64-fedora-gcc 0.1.0 87.00 OK
r-devel-windows-x86_64 0.1.0 7.00 79.00 86.00 OK
r-patched-linux-x86_64 0.1.0 7.31 64.11 71.42 OK
r-release-linux-x86_64 0.1.0 7.51 67.16 74.67 OK
r-release-macos-arm64 0.1.0 30.00 OK
r-release-macos-x86_64 0.1.0 46.00 OK
r-release-windows-x86_64 0.1.0 8.00 65.00 73.00 OK
r-oldrel-macos-arm64 0.1.0 36.00 OK
r-oldrel-macos-x86_64 0.1.0 51.00 OK
r-oldrel-windows-x86_64 0.1.0 10.00 73.00 83.00 OK

Check Details

Version: 0.1.0
Check: package dependencies
Result: ERROR Package required but not available: ‘readxl’ See section ‘The DESCRIPTION file’ in the ‘Writing R Extensions’ manual. Flavor: r-devel-linux-x86_64-debian-gcc